{"id":21955,"date":"2025-02-05T12:53:04","date_gmt":"2025-02-05T11:53:04","guid":{"rendered":"https:\/\/ws054.juntadeandalucia.es\/crnandalucia\/?page_id=21955"},"modified":"2025-02-05T12:53:55","modified_gmt":"2025-02-05T11:53:55","slug":"fitur-2025","status":"publish","type":"page","link":"https:\/\/ws054.juntadeandalucia.es\/crnandalucia\/fitur-2025\/","title":{"rendered":"FITUR 2025"},"content":{"rendered":"\t\t<div data-elementor-type=\"wp-page\" data-elementor-id=\"21955\" class=\"elementor elementor-21955\" data-elementor-post-type=\"page\">\n\t\t\t\t\t\t<section class=\"elementor-section elementor-top-section elementor-element elementor-element-e1c2048 elementor-section-boxed elementor-section-height-default elementor-section-height-default\" data-id=\"e1c2048\" data-element_type=\"section\">\n\t\t\t\t\t\t<div class=\"elementor-container elementor-column-gap-default\">\n\t\t\t\t\t<div class=\"elementor-column elementor-col-100 elementor-top-column elementor-element elementor-element-0e36b70\" data-id=\"0e36b70\" data-element_type=\"column\">\n\t\t\t<div class=\"elementor-widget-wrap elementor-element-populated\">\n\t\t\t\t\t\t<div class=\"elementor-element elementor-element-3deab9a elementor-widget elementor-widget-image\" data-id=\"3deab9a\" data-element_type=\"widget\" data-widget_type=\"image.default\">\n\t\t\t\t<div class=\"elementor-widget-container\">\n\t\t\t\t\t\t\t\t\t\t\t\t\t\t\t<img fetchpriority=\"high\" decoding=\"async\" width=\"1024\" height=\"768\" src=\"https:\/\/ws054.juntadeandalucia.es\/crnandalucia\/wp-content\/uploads\/2025\/02\/WhatsApp-Image-2025-02-03-at-12.37.43-1024x768.jpeg\" class=\"attachment-large size-large wp-image-21943\" alt=\"\" srcset=\"https:\/\/ws054.juntadeandalucia.es\/crnandalucia\/wp-content\/uploads\/2025\/02\/WhatsApp-Image-2025-02-03-at-12.37.43-1024x768.jpeg 1024w, https:\/\/ws054.juntadeandalucia.es\/crnandalucia\/wp-content\/uploads\/2025\/02\/WhatsApp-Image-2025-02-03-at-12.37.43-300x225.jpeg 300w, https:\/\/ws054.juntadeandalucia.es\/crnandalucia\/wp-content\/uploads\/2025\/02\/WhatsApp-Image-2025-02-03-at-12.37.43-768x576.jpeg 768w, https:\/\/ws054.juntadeandalucia.es\/crnandalucia\/wp-content\/uploads\/2025\/02\/WhatsApp-Image-2025-02-03-at-12.37.43-1536x1152.jpeg 1536w, https:\/\/ws054.juntadeandalucia.es\/crnandalucia\/wp-content\/uploads\/2025\/02\/WhatsApp-Image-2025-02-03-at-12.37.43.jpeg 2048w\" sizes=\"(max-width: 1024px) 100vw, 1024px\" \/>\t\t\t\t\t\t\t\t\t\t\t\t\t\t\t<\/div>\n\t\t\t\t<\/div>\n\t\t\t\t<div class=\"elementor-element elementor-element-7e51ee2 elementor-widget elementor-widget-text-editor\" data-id=\"7e51ee2\" data-element_type=\"widget\" data-widget_type=\"text-editor.default\">\n\t\t\t\t<div class=\"elementor-widget-container\">\n\t\t\t\t\t\t\t\t\t<blockquote><p>Madrid, 22 de enero de 2025 \u2013 El Centro de Referencia Nacional de Hosteler\u00eda Ciomijas ha tenido una destacada participaci\u00f3n en FITUR 2025, la feria internacional de turismo celebrada en IFEMA Madrid. Durante los d\u00edas 21 y 22 de enero, la Directora del CRN, Raquel Hidalgo, y la t\u00e9cnico Charo Rodr\u00edguez han representado al centro con una intensa agenda de actividades para dar a conocer el trabajo que se est\u00e1 desarrollando y los proyectos futuros dentro del Plan de Trabajo Anual del CRN.<\/p><p>Uno de los momentos clave de su presencia en FITUR fue su intervenci\u00f3n en la ponencia titulada \u00abInnovaci\u00f3n y tendencias del Centro de Referencia Nacional de Hosteler\u00eda\u00bb, donde expusieron las l\u00edneas estrat\u00e9gicas que marcar\u00e1n el futuro del sector. Durante la sesi\u00f3n, destacaron el compromiso del CRN con la formaci\u00f3n especializada, la adaptaci\u00f3n a las nuevas tecnolog\u00edas y la incorporaci\u00f3n de tendencias sostenibles en el \u00e1mbito hostelero.<\/p><p>Adem\u00e1s, Hidalgo y Rodr\u00edguez participaron en un encuentro empresarial en el que mantuvieron diversas reuniones con organismos nacionales e internacionales, con el objetivo de establecer sinergias y colaboraciones que potencien el impacto del centro en la industria tur\u00edstica y de la hosteler\u00eda.<\/p><p>Con esta participaci\u00f3n en FITUR 2025, Ciomijas reafirma su papel como referente en la formaci\u00f3n y modernizaci\u00f3n del sector, apostando por la innovaci\u00f3n y el desarrollo de talento en la hosteler\u00eda a nivel nacional e internacional.<\/p><\/blockquote>\t\t\t\t\t\t\t\t<\/div>\n\t\t\t\t<\/div>\n\t\t\t\t\t<\/div>\n\t\t<\/div>\n\t\t\t\t\t<\/div>\n\t\t<\/section>\n\t\t\t\t<section class=\"elementor-section elementor-top-section elementor-element elementor-element-b8630e2 elementor-section-boxed elementor-section-height-default elementor-section-height-default\" data-id=\"b8630e2\" data-element_type=\"section\">\n\t\t\t\t\t\t<div class=\"elementor-container elementor-column-gap-default\">\n\t\t\t\t\t<div class=\"elementor-column elementor-col-50 elementor-top-column elementor-element elementor-element-86a72c6\" data-id=\"86a72c6\" data-element_type=\"column\">\n\t\t\t<div class=\"elementor-widget-wrap elementor-element-populated\">\n\t\t\t\t\t\t<div class=\"elementor-element elementor-element-c13cdc3 elementor-widget elementor-widget-image\" data-id=\"c13cdc3\" data-element_type=\"widget\" data-widget_type=\"image.default\">\n\t\t\t\t<div class=\"elementor-widget-container\">\n\t\t\t\t\t\t\t\t\t\t\t\t\t\t\t<img decoding=\"async\" width=\"1024\" height=\"768\" src=\"https:\/\/ws054.juntadeandalucia.es\/crnandalucia\/wp-content\/uploads\/2025\/02\/WhatsApp-Image-2025-02-03-at-12.37.44-1024x768.jpeg\" class=\"attachment-large size-large wp-image-21944\" alt=\"\" srcset=\"https:\/\/ws054.juntadeandalucia.es\/crnandalucia\/wp-content\/uploads\/2025\/02\/WhatsApp-Image-2025-02-03-at-12.37.44-1024x768.jpeg 1024w, https:\/\/ws054.juntadeandalucia.es\/crnandalucia\/wp-content\/uploads\/2025\/02\/WhatsApp-Image-2025-02-03-at-12.37.44-300x225.jpeg 300w, https:\/\/ws054.juntadeandalucia.es\/crnandalucia\/wp-content\/uploads\/2025\/02\/WhatsApp-Image-2025-02-03-at-12.37.44-768x576.jpeg 768w, https:\/\/ws054.juntadeandalucia.es\/crnandalucia\/wp-content\/uploads\/2025\/02\/WhatsApp-Image-2025-02-03-at-12.37.44-1536x1152.jpeg 1536w, https:\/\/ws054.juntadeandalucia.es\/crnandalucia\/wp-content\/uploads\/2025\/02\/WhatsApp-Image-2025-02-03-at-12.37.44.jpeg 2048w\" sizes=\"(max-width: 1024px) 100vw, 1024px\" \/>\t\t\t\t\t\t\t\t\t\t\t\t\t\t\t<\/div>\n\t\t\t\t<\/div>\n\t\t\t\t\t<\/div>\n\t\t<\/div>\n\t\t\t\t<div class=\"elementor-column elementor-col-50 elementor-top-column elementor-element elementor-element-160c0dd\" data-id=\"160c0dd\" data-element_type=\"column\">\n\t\t\t<div class=\"elementor-widget-wrap elementor-element-populated\">\n\t\t\t\t\t\t<div class=\"elementor-element elementor-element-beaa7aa elementor-widget elementor-widget-image\" data-id=\"beaa7aa\" data-element_type=\"widget\" data-widget_type=\"image.default\">\n\t\t\t\t<div class=\"elementor-widget-container\">\n\t\t\t\t\t\t\t\t\t\t\t\t\t\t\t<img decoding=\"async\" width=\"1024\" height=\"768\" src=\"https:\/\/ws054.juntadeandalucia.es\/crnandalucia\/wp-content\/uploads\/2025\/02\/WhatsApp-Image-2025-02-03-at-12.37.43-2-1024x768.jpeg\" class=\"attachment-large size-large wp-image-21940\" alt=\"\" srcset=\"https:\/\/ws054.juntadeandalucia.es\/crnandalucia\/wp-content\/uploads\/2025\/02\/WhatsApp-Image-2025-02-03-at-12.37.43-2-1024x768.jpeg 1024w, https:\/\/ws054.juntadeandalucia.es\/crnandalucia\/wp-content\/uploads\/2025\/02\/WhatsApp-Image-2025-02-03-at-12.37.43-2-300x225.jpeg 300w, https:\/\/ws054.juntadeandalucia.es\/crnandalucia\/wp-content\/uploads\/2025\/02\/WhatsApp-Image-2025-02-03-at-12.37.43-2-768x576.jpeg 768w, https:\/\/ws054.juntadeandalucia.es\/crnandalucia\/wp-content\/uploads\/2025\/02\/WhatsApp-Image-2025-02-03-at-12.37.43-2-1536x1152.jpeg 1536w, https:\/\/ws054.juntadeandalucia.es\/crnandalucia\/wp-content\/uploads\/2025\/02\/WhatsApp-Image-2025-02-03-at-12.37.43-2.jpeg 2048w\" sizes=\"(max-width: 1024px) 100vw, 1024px\" \/>\t\t\t\t\t\t\t\t\t\t\t\t\t\t\t<\/div>\n\t\t\t\t<\/div>\n\t\t\t\t\t<\/div>\n\t\t<\/div>\n\t\t\t\t\t<\/div>\n\t\t<\/section>\n\t\t\t\t<section class=\"elementor-section elementor-top-section elementor-element elementor-element-ef0eca5 elementor-section-boxed elementor-section-height-default elementor-section-height-default\" data-id=\"ef0eca5\" data-element_type=\"section\">\n\t\t\t\t\t\t<div class=\"elementor-container elementor-column-gap-default\">\n\t\t\t\t\t<div class=\"elementor-column elementor-col-50 elementor-top-column elementor-element elementor-element-d186f63\" data-id=\"d186f63\" data-element_type=\"column\">\n\t\t\t<div class=\"elementor-widget-wrap elementor-element-populated\">\n\t\t\t\t\t\t<div class=\"elementor-element elementor-element-3ace1b1 elementor-widget elementor-widget-image\" data-id=\"3ace1b1\" data-element_type=\"widget\" data-widget_type=\"image.default\">\n\t\t\t\t<div class=\"elementor-widget-container\">\n\t\t\t\t\t\t\t\t\t\t\t\t\t\t\t<img loading=\"lazy\" decoding=\"async\" width=\"1024\" height=\"768\" src=\"https:\/\/ws054.juntadeandalucia.es\/crnandalucia\/wp-content\/uploads\/2025\/02\/WhatsApp-Image-2025-02-03-at-12.37.43-1-1024x768.jpeg\" class=\"attachment-large size-large wp-image-21939\" alt=\"\" srcset=\"https:\/\/ws054.juntadeandalucia.es\/crnandalucia\/wp-content\/uploads\/2025\/02\/WhatsApp-Image-2025-02-03-at-12.37.43-1-1024x768.jpeg 1024w, https:\/\/ws054.juntadeandalucia.es\/crnandalucia\/wp-content\/uploads\/2025\/02\/WhatsApp-Image-2025-02-03-at-12.37.43-1-300x225.jpeg 300w, https:\/\/ws054.juntadeandalucia.es\/crnandalucia\/wp-content\/uploads\/2025\/02\/WhatsApp-Image-2025-02-03-at-12.37.43-1-768x576.jpeg 768w, https:\/\/ws054.juntadeandalucia.es\/crnandalucia\/wp-content\/uploads\/2025\/02\/WhatsApp-Image-2025-02-03-at-12.37.43-1-1536x1152.jpeg 1536w, https:\/\/ws054.juntadeandalucia.es\/crnandalucia\/wp-content\/uploads\/2025\/02\/WhatsApp-Image-2025-02-03-at-12.37.43-1.jpeg 2048w\" sizes=\"(max-width: 1024px) 100vw, 1024px\" \/>\t\t\t\t\t\t\t\t\t\t\t\t\t\t\t<\/div>\n\t\t\t\t<\/div>\n\t\t\t\t\t<\/div>\n\t\t<\/div>\n\t\t\t\t<div class=\"elementor-column elementor-col-50 elementor-top-column elementor-element elementor-element-0bdedf5\" data-id=\"0bdedf5\" data-element_type=\"column\">\n\t\t\t<div class=\"elementor-widget-wrap elementor-element-populated\">\n\t\t\t\t\t\t<div class=\"elementor-element elementor-element-85bede8 elementor-widget elementor-widget-image\" data-id=\"85bede8\" data-element_type=\"widget\" data-widget_type=\"image.default\">\n\t\t\t\t<div class=\"elementor-widget-container\">\n\t\t\t\t\t\t\t\t\t\t\t\t\t\t\t<img loading=\"lazy\" decoding=\"async\" width=\"1024\" height=\"768\" src=\"https:\/\/ws054.juntadeandalucia.es\/crnandalucia\/wp-content\/uploads\/2025\/02\/WhatsApp-Image-2025-02-03-at-12.37.43-3-1024x768.jpeg\" class=\"attachment-large size-large wp-image-21941\" alt=\"\" srcset=\"https:\/\/ws054.juntadeandalucia.es\/crnandalucia\/wp-content\/uploads\/2025\/02\/WhatsApp-Image-2025-02-03-at-12.37.43-3-1024x768.jpeg 1024w, https:\/\/ws054.juntadeandalucia.es\/crnandalucia\/wp-content\/uploads\/2025\/02\/WhatsApp-Image-2025-02-03-at-12.37.43-3-300x225.jpeg 300w, https:\/\/ws054.juntadeandalucia.es\/crnandalucia\/wp-content\/uploads\/2025\/02\/WhatsApp-Image-2025-02-03-at-12.37.43-3-768x576.jpeg 768w, https:\/\/ws054.juntadeandalucia.es\/crnandalucia\/wp-content\/uploads\/2025\/02\/WhatsApp-Image-2025-02-03-at-12.37.43-3-1536x1152.jpeg 1536w, https:\/\/ws054.juntadeandalucia.es\/crnandalucia\/wp-content\/uploads\/2025\/02\/WhatsApp-Image-2025-02-03-at-12.37.43-3.jpeg 2048w\" sizes=\"(max-width: 1024px) 100vw, 1024px\" \/>\t\t\t\t\t\t\t\t\t\t\t\t\t\t\t<\/div>\n\t\t\t\t<\/div>\n\t\t\t\t\t<\/div>\n\t\t<\/div>\n\t\t\t\t\t<\/div>\n\t\t<\/section>\n\t\t\t\t<section class=\"elementor-section elementor-top-section elementor-element elementor-element-6294af6 elementor-section-boxed elementor-section-height-default elementor-section-height-default\" data-id=\"6294af6\" data-element_type=\"section\">\n\t\t\t\t\t\t<div class=\"elementor-container elementor-column-gap-default\">\n\t\t\t\t\t<div class=\"elementor-column elementor-col-100 elementor-top-column elementor-element elementor-element-a9726c4\" data-id=\"a9726c4\" data-element_type=\"column\">\n\t\t\t<div class=\"elementor-widget-wrap\">\n\t\t\t\t\t\t\t<\/div>\n\t\t<\/div>\n\t\t\t\t\t<\/div>\n\t\t<\/section>\n\t\t\t\t<\/div>\n\t\t","protected":false},"excerpt":{"rendered":"<p>Madrid, 22 de enero de 2025 \u2013 El Centro de Referencia Nacional de Hosteler\u00eda Ciomijas ha tenido una destacada participaci\u00f3n en FITUR 2025, la feria internacional de turismo celebrada en IFEMA Madrid. Durante los d\u00edas 21 y 22 de enero, la Directora del CRN, Raquel Hidalgo, y la t\u00e9cnico Charo Rodr\u00edguez han representado al centro [&hellip;]<\/p>\n","protected":false},"author":15,"featured_media":0,"parent":0,"menu_order":0,"comment_status":"closed","ping_status":"closed","template":"","meta":{"_acf_changed":false,"footnotes":""},"class_list":["post-21955","page","type-page","status-publish","hentry"],"acf":[],"yoast_head":"<!-- This site is optimized with the Yoast SEO plugin v25.3 - https:\/\/yoast.com\/wordpress\/plugins\/seo\/ -->\n<title>FITUR 2025 - Escuelas CRN<\/title>\n<meta name=\"robots\" content=\"index, follow, max-snippet:-1, max-image-preview:large, max-video-preview:-1\" \/>\n<link rel=\"canonical\" href=\"https:\/\/ws054.juntadeandalucia.es\/crnandalucia\/fitur-2025\/\" \/>\n<meta property=\"og:locale\" content=\"es_ES\" \/>\n<meta property=\"og:type\" content=\"article\" \/>\n<meta property=\"og:title\" content=\"FITUR 2025 - Escuelas CRN\" \/>\n<meta property=\"og:description\" content=\"Madrid, 22 de enero de 2025 \u2013 El Centro de Referencia Nacional de Hosteler\u00eda Ciomijas ha tenido una destacada participaci\u00f3n en FITUR 2025, la feria internacional de turismo celebrada en IFEMA Madrid. Durante los d\u00edas 21 y 22 de enero, la Directora del CRN, Raquel Hidalgo, y la t\u00e9cnico Charo Rodr\u00edguez han representado al centro [&hellip;]\" \/>\n<meta property=\"og:url\" content=\"https:\/\/ws054.juntadeandalucia.es\/crnandalucia\/fitur-2025\/\" \/>\n<meta property=\"og:site_name\" content=\"Escuelas CRN\" \/>\n<meta property=\"article:modified_time\" content=\"2025-02-05T11:53:55+00:00\" \/>\n<meta property=\"og:image\" content=\"https:\/\/ws054.juntadeandalucia.es\/crnandalucia\/wp-content\/uploads\/2025\/02\/WhatsApp-Image-2025-02-03-at-12.37.43-1024x768.jpeg\" \/>\n<meta name=\"twitter:card\" content=\"summary_large_image\" \/>\n<meta name=\"twitter:label1\" content=\"Tiempo de lectura\" \/>\n\t<meta name=\"twitter:data1\" content=\"3 minutos\" \/>\n<script type=\"application\/ld+json\" class=\"yoast-schema-graph\">{\"@context\":\"https:\/\/schema.org\",\"@graph\":[{\"@type\":\"WebPage\",\"@id\":\"https:\/\/ws054.juntadeandalucia.es\/crnandalucia\/fitur-2025\/\",\"url\":\"https:\/\/ws054.juntadeandalucia.es\/crnandalucia\/fitur-2025\/\",\"name\":\"FITUR 2025 - Escuelas CRN\",\"isPartOf\":{\"@id\":\"https:\/\/ws054.juntadeandalucia.es\/crnandalucia\/#website\"},\"primaryImageOfPage\":{\"@id\":\"https:\/\/ws054.juntadeandalucia.es\/crnandalucia\/fitur-2025\/#primaryimage\"},\"image\":{\"@id\":\"https:\/\/ws054.juntadeandalucia.es\/crnandalucia\/fitur-2025\/#primaryimage\"},\"thumbnailUrl\":\"https:\/\/ws054.juntadeandalucia.es\/crnandalucia\/wp-content\/uploads\/2025\/02\/WhatsApp-Image-2025-02-03-at-12.37.43-1024x768.jpeg\",\"datePublished\":\"2025-02-05T11:53:04+00:00\",\"dateModified\":\"2025-02-05T11:53:55+00:00\",\"breadcrumb\":{\"@id\":\"https:\/\/ws054.juntadeandalucia.es\/crnandalucia\/fitur-2025\/#breadcrumb\"},\"inLanguage\":\"es\",\"potentialAction\":[{\"@type\":\"ReadAction\",\"target\":[\"https:\/\/ws054.juntadeandalucia.es\/crnandalucia\/fitur-2025\/\"]}]},{\"@type\":\"ImageObject\",\"inLanguage\":\"es\",\"@id\":\"https:\/\/ws054.juntadeandalucia.es\/crnandalucia\/fitur-2025\/#primaryimage\",\"url\":\"https:\/\/ws054.juntadeandalucia.es\/crnandalucia\/wp-content\/uploads\/2025\/02\/WhatsApp-Image-2025-02-03-at-12.37.43.jpeg\",\"contentUrl\":\"https:\/\/ws054.juntadeandalucia.es\/crnandalucia\/wp-content\/uploads\/2025\/02\/WhatsApp-Image-2025-02-03-at-12.37.43.jpeg\",\"width\":2048,\"height\":1536},{\"@type\":\"BreadcrumbList\",\"@id\":\"https:\/\/ws054.juntadeandalucia.es\/crnandalucia\/fitur-2025\/#breadcrumb\",\"itemListElement\":[{\"@type\":\"ListItem\",\"position\":1,\"name\":\"Portada\",\"item\":\"https:\/\/ws054.juntadeandalucia.es\/crnandalucia\/\"},{\"@type\":\"ListItem\",\"position\":2,\"name\":\"FITUR 2025\"}]},{\"@type\":\"WebSite\",\"@id\":\"https:\/\/ws054.juntadeandalucia.es\/crnandalucia\/#website\",\"url\":\"https:\/\/ws054.juntadeandalucia.es\/crnandalucia\/\",\"name\":\"Escuelas CRN\",\"description\":\"\",\"potentialAction\":[{\"@type\":\"SearchAction\",\"target\":{\"@type\":\"EntryPoint\",\"urlTemplate\":\"https:\/\/ws054.juntadeandalucia.es\/crnandalucia\/?s={search_term_string}\"},\"query-input\":{\"@type\":\"PropertyValueSpecification\",\"valueRequired\":true,\"valueName\":\"search_term_string\"}}],\"inLanguage\":\"es\"}]}<\/script>\n<!-- \/ Yoast SEO plugin. -->","yoast_head_json":{"title":"FITUR 2025 - Escuelas CRN","robots":{"index":"index","follow":"follow","max-snippet":"max-snippet:-1","max-image-preview":"max-image-preview:large","max-video-preview":"max-video-preview:-1"},"canonical":"https:\/\/ws054.juntadeandalucia.es\/crnandalucia\/fitur-2025\/","og_locale":"es_ES","og_type":"article","og_title":"FITUR 2025 - Escuelas CRN","og_description":"Madrid, 22 de enero de 2025 \u2013 El Centro de Referencia Nacional de Hosteler\u00eda Ciomijas ha tenido una destacada participaci\u00f3n en FITUR 2025, la feria internacional de turismo celebrada en IFEMA Madrid. Durante los d\u00edas 21 y 22 de enero, la Directora del CRN, Raquel Hidalgo, y la t\u00e9cnico Charo Rodr\u00edguez han representado al centro [&hellip;]","og_url":"https:\/\/ws054.juntadeandalucia.es\/crnandalucia\/fitur-2025\/","og_site_name":"Escuelas CRN","article_modified_time":"2025-02-05T11:53:55+00:00","og_image":[{"url":"https:\/\/ws054.juntadeandalucia.es\/crnandalucia\/wp-content\/uploads\/2025\/02\/WhatsApp-Image-2025-02-03-at-12.37.43-1024x768.jpeg","type":"","width":"","height":""}],"twitter_card":"summary_large_image","twitter_misc":{"Tiempo de lectura":"3 minutos"},"schema":{"@context":"https:\/\/schema.org","@graph":[{"@type":"WebPage","@id":"https:\/\/ws054.juntadeandalucia.es\/crnandalucia\/fitur-2025\/","url":"https:\/\/ws054.juntadeandalucia.es\/crnandalucia\/fitur-2025\/","name":"FITUR 2025 - Escuelas CRN","isPartOf":{"@id":"https:\/\/ws054.juntadeandalucia.es\/crnandalucia\/#website"},"primaryImageOfPage":{"@id":"https:\/\/ws054.juntadeandalucia.es\/crnandalucia\/fitur-2025\/#primaryimage"},"image":{"@id":"https:\/\/ws054.juntadeandalucia.es\/crnandalucia\/fitur-2025\/#primaryimage"},"thumbnailUrl":"https:\/\/ws054.juntadeandalucia.es\/crnandalucia\/wp-content\/uploads\/2025\/02\/WhatsApp-Image-2025-02-03-at-12.37.43-1024x768.jpeg","datePublished":"2025-02-05T11:53:04+00:00","dateModified":"2025-02-05T11:53:55+00:00","breadcrumb":{"@id":"https:\/\/ws054.juntadeandalucia.es\/crnandalucia\/fitur-2025\/#breadcrumb"},"inLanguage":"es","potentialAction":[{"@type":"ReadAction","target":["https:\/\/ws054.juntadeandalucia.es\/crnandalucia\/fitur-2025\/"]}]},{"@type":"ImageObject","inLanguage":"es","@id":"https:\/\/ws054.juntadeandalucia.es\/crnandalucia\/fitur-2025\/#primaryimage","url":"https:\/\/ws054.juntadeandalucia.es\/crnandalucia\/wp-content\/uploads\/2025\/02\/WhatsApp-Image-2025-02-03-at-12.37.43.jpeg","contentUrl":"https:\/\/ws054.juntadeandalucia.es\/crnandalucia\/wp-content\/uploads\/2025\/02\/WhatsApp-Image-2025-02-03-at-12.37.43.jpeg","width":2048,"height":1536},{"@type":"BreadcrumbList","@id":"https:\/\/ws054.juntadeandalucia.es\/crnandalucia\/fitur-2025\/#breadcrumb","itemListElement":[{"@type":"ListItem","position":1,"name":"Portada","item":"https:\/\/ws054.juntadeandalucia.es\/crnandalucia\/"},{"@type":"ListItem","position":2,"name":"FITUR 2025"}]},{"@type":"WebSite","@id":"https:\/\/ws054.juntadeandalucia.es\/crnandalucia\/#website","url":"https:\/\/ws054.juntadeandalucia.es\/crnandalucia\/","name":"Escuelas CRN","description":"","potentialAction":[{"@type":"SearchAction","target":{"@type":"EntryPoint","urlTemplate":"https:\/\/ws054.juntadeandalucia.es\/crnandalucia\/?s={search_term_string}"},"query-input":{"@type":"PropertyValueSpecification","valueRequired":true,"valueName":"search_term_string"}}],"inLanguage":"es"}]}},"_links":{"self":[{"href":"https:\/\/ws054.juntadeandalucia.es\/crnandalucia\/wp-json\/wp\/v2\/pages\/21955","targetHints":{"allow":["GET"]}}],"collection":[{"href":"https:\/\/ws054.juntadeandalucia.es\/crnandalucia\/wp-json\/wp\/v2\/pages"}],"about":[{"href":"https:\/\/ws054.juntadeandalucia.es\/crnandalucia\/wp-json\/wp\/v2\/types\/page"}],"author":[{"embeddable":true,"href":"https:\/\/ws054.juntadeandalucia.es\/crnandalucia\/wp-json\/wp\/v2\/users\/15"}],"replies":[{"embeddable":true,"href":"https:\/\/ws054.juntadeandalucia.es\/crnandalucia\/wp-json\/wp\/v2\/comments?post=21955"}],"version-history":[{"count":6,"href":"https:\/\/ws054.juntadeandalucia.es\/crnandalucia\/wp-json\/wp\/v2\/pages\/21955\/revisions"}],"predecessor-version":[{"id":21962,"href":"https:\/\/ws054.juntadeandalucia.es\/crnandalucia\/wp-json\/wp\/v2\/pages\/21955\/revisions\/21962"}],"wp:attachment":[{"href":"https:\/\/ws054.juntadeandalucia.es\/crnandalucia\/wp-json\/wp\/v2\/media?parent=21955"}],"curies":[{"name":"wp","href":"https:\/\/api.w.org\/{rel}","templated":true}]}}